959. What is p(-98)?
9
Let r(o) = 5680*o + 528247. Determine r(-93).
7
Let o(l) = -l**3 + 110*l**2 - 909*l + 29653. What is o(104)?
13
Let c(p) = -11*p**2 - 930*p - 3702. Determine c(-4).
-158
Let p(i) = 3410*i - 16942. Give p(5).
108
Let t(d) = 2686*d**3 + 112813*d**2 + 45*d + 126. Calculate t(-42).
0
Let q(c) = 893*c**2 - 59854*c + 1548. Give q(67).
7
Let v(h) = 19424*h - 195028. Determine v(10).
-788
Let y(k) = k**2 - 7148*k + 425147. Give y(60).
-133
Let i(u) = -28074*u - 1403457. Calculate i(-50).
243
Let l(j) = -175772*j - 2285028. Determine l(-13).
8
Let q(g) = 4313*g + 24360. Give q(-7).
-5831
Let p(f) = 46955*f + 17185528. Calculate p(-366).
-2
Let p(a) = 5*a**3 + 484*a**2 - 2124*a - 308. Give p(-101).
-5
Let i(m) = 8*m**3 + 11*m**2 + 37*m + 129. Give i(-4).
-355
Let l(v) = -2*v**3 - 160*v**2 - 1151*v + 9012. What is l(-71)?
-5
Let s(g) = 109*g**3 - 7842*g**2 - 418*g - 1008. Give s(72).
0
Let x(c) = -c**2 + 1024*c - 15125. Give x(15).
10
Let o(s) = 2*s**3 + 1948*s**2 + 85380*s + 3876. Determine o(-928).
164
Let q(v) = -3*v**2 + 1365*v + 51460. Determine q(-35).
10
Let m(g) = 905*g - 65165. Calculate m(72).
-5
Let w(p) = p**2 - 3387*p - 391864. What is w(-112)?
24
Let n(f) = -29*f**3 - 184*f**2 - 8*f + 15. Give n(-5).
-920
Let o(x) = 2*x**3 + 43*x**2 + 6*x - 96. What is o(-21)?
219
Let i(t) = -55485*t**2 + 943248*t - 32. Determine i(17).
19
Let z(q) = -17694*q - 654685. Give z(-37).
-7
Let p(s) = 28*s**3 - 9*s**2 - 620*s + 3792. Give p(6).
5796
Let k(b) = 145*b**2 - 1698*b + 14. Determine k(12).
518
Let b(m) = -5210*m - 15613. Determine b(-3).
17
Let y(x) = -1190*x + 69055. What is y(58)?
35
Let i(k) = -57*k**2 + 851*k + 88. Give i(12).
2092
Let m(w) = -w**3 - 30*w**2 + 122*w + 4434. Give m(-27).
-1047
Let d(g) = -243*g**2 + 157466*g - 1294. What is d(648)?
2
Let z(y) = 7*y**2 - 251*y - 34. Calculate z(37).
262
Let c(w) = -w**2 - 14*w + 2487. Determine c(39).
420
Let h(n) = n**2 - 297*n + 13329. What is h(241)?
-167
Let v(b) = -b**3 + 94*b**2 + 550*b - 5448. Calculate v(99).
-3
Let i(j) = j**3 + 19*j**2 + 165*j + 1661. Calculate i(-15).
86
Let p(q) = 3072*q + 24587. Give p(-8).
11
Let u(j) = -473*j - 5931. Determine u(-17).
2110
Let c(k) = -270*k - 28277. Give c(-106).
343
Let y(v) = -5*v**3 - 490*v**2 - 7194*v + 596. Give y(-80).
116
Let n(i) = -138*i**2 + 618*i - 70. Give n(6).
-1330
Let b(h) = 2*h**3 + 8*h**2 - 23*h - 7. Give b(6).
575
Let o(g) = 279*g**2 + 3382*g + 479. What is o(-12)?
71
Let r(p) = -63*p**3 - 16089*p**2 + 16088*p + 2. Determine r(1).
-62
Let r(j) = j**3 + 107*j**2 + 2760*j - 1854. What is r(-62)?
6
Let o(p) = 2*p**3 - 7*p**2 - 764*p - 2207. Give o(-3).
-32
Let b(z) = z**3 + 76*z**2 - 150*z + 4. Give b(-78).
-464
Let i(b) = b**2 + 645*b + 3803. Give i(-6).
-31
Let b(t) = -4*t**3 + 231*t**2 + 43*t - 13. Give b(58).
-883
Let c(z) = -z**3 - 150*z**2 + 91*z - 2407. What is c(-151)?
6653
Let t(x) = -2*x**2 + 8438*x + 161025. Give t(-19).
-19
Let j(q) = -612*q - 96678. What is j(-158)?
18
Let p(w) = 215*w + 13232. Determine p(-64).
-528
Let q(u) = 142349*u - 14. Give q(0).
-14
Let r(d) = 7894*d - 71617. What is r(9)?
-571
Let a(n) = 2*n**3 + 141*n**2 - 1007*n - 46878. Give a(-73).
-12
Let o(n) = -8937*n - 4530991. What is o(-507)?
68
Let f(g) = 16530*g - 7653384. Calculate f(463).
6
Let y(v) = -439*v + 7718. Calculate y(18).
-184
Let j(w) = 6*w**3 - 50*w**2 + 8*w + 144. Give j(8).
80
Let k(i) = i**3 + 22*i**2 + 66*i + 1037. Give k(-23).
-1010
Let i(u) = u**3 - 11*u**2 + 705*u - 8278. What is i(12)?
326
Let n(x) = -2*x**3 - 264*x**2 - 260*x + 280. What is n(-131)?
18
Let a(j) = -143*j - 4236. Determine a(-36).
912
Let l(u) = -22*u**2 + 823*u - 3190. What is l(33)?
11
Let s(k) = -145*k - 11361. Give s(-71).
-1066
Let u(k) = -604*k - 61544. Calculate u(-102).
64
Let u(l) = -231289*l + 462563. What is u(2)?
-15
Let z(a) = -13913*a - 876512. Determine z(-63).
7
Let s(i) = -50*i**3 + i**2 - 336*i + 337. What is s(1)?
-48
Let b(a) = 2053815*a - 39022488. Determine b(19).
-3
Let f(w) = -w**2 - 13011*w + 352086. Determine f(27).
60
Let o(n) = -2*n**3 + 7*n**2 + 157*n + 40. Calculate o(-8).
256
Let x(f) = 132149*f - 925091. Determine x(7).
-48
Let n(i) = -18*i**3 + 73*i**2 + 159*i - 684. Determine n(4).
-32
Let j(w) = 709*w + 48495. Calculate j(-69).
-426
Let u(z) = -908*z - 78092. Give u(-86).
-4
Let f(t) = -t**3 - 23*t**2 - 139*t + 14. Determine f(-10).
104
Let j(z) = -3*z**3 - 612*z**2 - 2382*z + 325. What is j(-200)?
-3275
Let s(b) = 22*b**2 + 123*b + 368. Give s(-3).
197
Let v(k) = 570*k - 54. Give v(1).
516
Let h(l) = 16*l**2 + 408*l - 616. Determine h(-27).
32
Let w(f) = -799*f - 8516. Determine w(-8).
-2124
Let m(c) = -c**3 - 96*c**2 + 577*c + 8024. What is m(-101)?
752
Let q(f) = -621*f - 74826. What is q(-121)?
315
Let g(c) = 28*c**3 + 53*c**2 + 54*c - 1. Determine g(-1).
-30
Let g(c) = c**2 + 157*c - 7393. Calculate g(38).
17
Let u(x) = -2*x**3 + 24*x**2 + 499*x - 64. What is u(-11)?
13
Let c(o) = -o**3 + 129*o**2 - 185*o - 6218. Calculate c(127).
2545
Let w(q) = -16766*q - 26. Determine w(0).
-26
Let h(f) = -f**3 - 6*f**2 - 34396*f - 137555. Calculate h(-4).
-3
Let k(f) = 92*f**2 + 42359*f - 24450. Determine k(-461).
-17
Let x(n) = 2*n**3 + 212*n**2 + 4*n + 678. Calculate x(-106).
254
Let a(z) = 48961*z + 489596. Determine a(-10).
-14
Let t(k) = 14908*k - 1088282. Calculate t(73).
2
Let h(y) = -2*y**2 - 49*y + 5917. What is h(-68)?
1
Let h(n) = -n**2 - 2868*n - 198586. Give h(-71).
1
Let j(h) = 34471*h + 1137577. Give j(-33).
34
Let v(w) = -8*w**2 + 625*w + 148965. Give v(181).
2
Let i(r) = -5*r**2 + 10796*r - 1136756. What is i(111)?
-5
Let p(b) = 18*b**3 - 142*b**2 + 196*b - 1593. Calculate p(8).
103
Let f(b) = -2156*b + 28019. What is f(13)?
-9
Let z(p) = 390*p - 62423. Calculate z(161).
367
Let w(v) = 7*v**2 - 454*v - 2893. Give w(-6).
83
Let a(s) = 3*s**2 - 102*s - 489. Give a(-5).
96
Let f(x) = 159559*x - 159574. Calculate f(1).
-15
Let s(t) = t**2 + 224*t + 11228. What is s(-76)?
-20
Let h(b) = -b**2 + 1038*b + 194389. Calculate h(-162).
-11
Let r(w) = -295*w**2 - 5131*w - 1976. Give r(-17).
-4
Let v(d) = 3*d**2 + 296*d + 6914. What is v(-38)?
-2
Let m(d) = -d**3 - 110*d**2 + 38*d + 4217. Determine m(-110).
37
Let f(v) = -40*v**2 - 2956*v - 31708. Calculate f(-13).
-40
Let l(b) = -391*b + 247504. What is l(633)?
1
Let v(k) = -38*k**3 - 290*k**2 + 248*k + 1084. What is v(-8)?
-4
Let m(k) = k**3 - 23*k**2 + 787*k - 1484. Determine m(2).
6
Let h(d) = -2*d**3 + 273*d**2 - 1715*d + 3255. Determine h(130).
5
Let l(s) = -s**3 + 167*s**2 + 3766*s - 4852. Determine l(187).
10
Let r(s) = -5822*s - 2811996. What is r(-483)?
30
Let d(g) = 277*g + 2418. Determine d(-7).
479
Let t(z) = 685*z - 505. Calculate t(1).
180
Let s(r) = r**3 - 13*r**2 - 18450*r + 129243. Determine s(7).
-201
Let d(b) = -b**2 - 238*b + 25320. Give d(83).
-1323
Let i(o) = -4631*o - 101707. Calculate i(-22).
175
Let n(g) = 9*g**2 - 987*g + 5591. Calculate n(6).
-7
Let p(x) = -15309*x + 2449438. Calculate p(160).
-2
Let v(n) = -239*n + 1797. Determine v(1).
1558
Let s(r) = -6*r**2 - 82*r + 834. Give s(-19).
226
Let o(g) = -g**3 - 509*g**2 + 28561*g + 571. Calculate o(-560).
11
Let b(r) = -243942*r + 3415187. What is b(14)?
-1
Let z(w) = 21909*w + 87649. What is z(-4)?
13
Let j(s) = -77751*s - 5209321. Give j(-67).
-4
Let y(j) = 9*j**3 + 1054*j**2 + 113*j - 555. Determine y(-117).
-87
Let r(b) = -2*b**2 + 2572*b + 33771. Determine r(-13).
-3
Let d(w) = -6838*w + 102563. Determine d(15).
-7
Let z(i) = 2*i**3 - 330*i**2 - 1678*i + 64. Determine z(-5).
-46
Let w(i) = 270*i + 94722. What is w(-353)?
-588
Let b(r) = 191*r + 34809. What is b(-182)?
47
Let u(m) = -1975377*m + 5926123. Give u(3).
-8
Let n(u) = 3032*u + 64715. Determine n(-21).
1043
Let v(b) = 22*b**3 - 2*b**2 + 877*b + 3500. Determine v(-4).
-1448
Let t(y) = 3*y**2 + 7798*y + 1679612. Give t(-237).
-7
Let m(j) = -18125*j - 743164. Calculate m(-41).
-39
Let d(g) = -160736*g + 160429. Determine d(1).
-307
Let p(b) = -338*b**3 - b**2 - 18181*b + 36360. Determine p(2).
-2710
Let p(v) = -289199*v + 1156804. Calculate p(4).
8
Let f(l) = -2*l**3 + 78*l**2 + 3438*l - 130123. What is f(35)?
7
Let g(c) = -9836*c + 75. Calculate g(0).
75
Let p(m) = 581*m - 28216. Calculate p(48).
-328
Let f(o) = -506*o